{"id":2,"date":"2024-02-08T19:50:35","date_gmt":"2024-02-08T18:50:35","guid":{"rendered":"http:\/\/agence-antares.fr\/?page_id=2"},"modified":"2024-03-23T12:58:56","modified_gmt":"2024-03-23T11:58:56","slug":"page-d-exemple","status":"publish","type":"page","link":"https:\/\/agence-antares.fr\/index.php\/page-d-exemple\/","title":{"rendered":"Tarifs"},"content":{"rendered":"\n<p class=\"has-text-align-center has-medium-font-size\"><strong>Notre agence propose deux types de tarification:<\/strong><\/p>\n\n\n\n<div class=\"wp-block-columns is-layout-flex wp-container-core-columns-is-layout-9d6595d7 wp-block-columns-is-layout-flex\">\n<div class=\"wp-block-column is-layout-flow wp-block-column-is-layout-flow\" style=\"flex-basis:66.66%\">\n<ul class=\"wp-block-list\">\n<li>Un tarif horaire de 90\u20ac<\/li>\n\n\n\n<li>Un tarif forfaitaire de 20H, de 30H et la possibilit\u00e9 de prendre des demies-journ\u00e9es (4H) en fonction des missions \u00e0 accomplir<\/li>\n<\/ul>\n\n\n\n<p>A cela peuvent se rajouter des frais kilom\u00e9triques (0.7\u20ac\/KM), des frais de logement (75\u20ac), des frais de repas (18\u20ac) si la mission n\u00e9cessite des d\u00e9placements au-del\u00e0 des 150km de l&rsquo;agence. <\/p>\n\n\n\n<p>\u00c9galement peuvent se rajouter les frais d&rsquo;intervention d&rsquo;un tiers: Commissaire de justice, expert dans un domaine sp\u00e9cifique&#8230;<\/p>\n\n\n\n<p class=\"has-text-align-center\"><strong>Toutes les missions sont uniques et demandent donc un traitement sp\u00e9cifiques, c&rsquo;est pourquoi un devis d\u00e9taill\u00e9 et gratuit vous est propos\u00e9 suite \u00e0 l&rsquo;entretien t\u00e9l\u00e9phonique. <\/strong><\/p>\n<\/div>\n\n\n\n<div class=\"wp-block-column is-layout-flow wp-block-column-is-layout-flow\" style=\"flex-basis:33.33%\"><div class=\"wp-block-image\">\n<figure class=\"aligncenter size-large is-resized\"><img loading=\"lazy\" decoding=\"async\" width=\"1024\" height=\"683\" src=\"https:\/\/agence-antares.fr\/wp-content\/uploads\/2024\/03\/Devis-1024x683.jpg\" alt=\"\" class=\"wp-image-150\" style=\"width:411px;height:auto\" srcset=\"https:\/\/agence-antares.fr\/wp-content\/uploads\/2024\/03\/Devis-1024x683.jpg 1024w, https:\/\/agence-antares.fr\/wp-content\/uploads\/2024\/03\/Devis-300x200.jpg 300w, https:\/\/agence-antares.fr\/wp-content\/uploads\/2024\/03\/Devis-768x512.jpg 768w, https:\/\/agence-antares.fr\/wp-content\/uploads\/2024\/03\/Devis-1536x1024.jpg 1536w, https:\/\/agence-antares.fr\/wp-content\/uploads\/2024\/03\/Devis-2048x1365.jpg 2048w\" sizes=\"auto, (max-width: 1024px) 100vw, 1024px\" \/><\/figure>\n<\/div><\/div>\n<\/div>\n\n\n\n<p> <\/p>\n\n\n<style>.wp-block-kadence-advancedbtn.kb-btns2_fea476-00{gap:var(--global-kb-gap-xs, 0.5rem );justify-content:center;align-items:center;}.kt-btns2_fea476-00 .kt-button{font-weight:normal;font-style:normal;}.kt-btns2_fea476-00 .kt-btn-wrap-0{margin-right:5px;}.wp-block-kadence-advancedbtn.kt-btns2_fea476-00 .kt-btn-wrap-0 .kt-button{color:#555555;border-color:#555555;}.wp-block-kadence-advancedbtn.kt-btns2_fea476-00 .kt-btn-wrap-0 .kt-button:hover, .wp-block-kadence-advancedbtn.kt-btns2_fea476-00 .kt-btn-wrap-0 .kt-button:focus{color:#ffffff;border-color:#444444;}.wp-block-kadence-advancedbtn.kt-btns2_fea476-00 .kt-btn-wrap-0 .kt-button::before{display:none;}.wp-block-kadence-advancedbtn.kt-btns2_fea476-00 .kt-btn-wrap-0 .kt-button:hover, .wp-block-kadence-advancedbtn.kt-btns2_fea476-00 .kt-btn-wrap-0 .kt-button:focus{background:#444444;}<\/style>\n<div class=\"wp-block-kadence-advancedbtn kb-buttons-wrap kb-btns2_fea476-00\"><style>ul.menu .wp-block-kadence-advancedbtn .kb-btn2_5e2c22-b5.kb-button{width:initial;}.wp-block-kadence-advancedbtn .kb-btn2_5e2c22-b5.kb-button{border-top:4px solid var(--global-palette1, #3182CE);border-right:4px solid var(--global-palette1, #3182CE);border-bottom:4px solid var(--global-palette1, #3182CE);border-left:4px solid var(--global-palette1, #3182CE);}.kb-btn2_5e2c22-b5.kb-button .kb-svg-icon-wrap{font-size:20px;}@media all and (max-width: 1024px){.wp-block-kadence-advancedbtn .kb-btn2_5e2c22-b5.kb-button{border-top:4px solid var(--global-palette1, #3182CE);border-right:4px solid var(--global-palette1, #3182CE);border-bottom:4px solid var(--global-palette1, #3182CE);border-left:4px solid var(--global-palette1, #3182CE);}}@media all and (max-width: 767px){.wp-block-kadence-advancedbtn .kb-btn2_5e2c22-b5.kb-button{border-top:4px solid var(--global-palette1, #3182CE);border-right:4px solid var(--global-palette1, #3182CE);border-bottom:4px solid var(--global-palette1, #3182CE);border-left:4px solid var(--global-palette1, #3182CE);}}<\/style><a class=\"kb-button kt-button button kb-btn2_5e2c22-b5 kt-btn-size-standard kt-btn-width-type-auto kb-btn-global-fill kt-btn-has-text-true kt-btn-has-svg-true wp-block-kadence-singlebtn\" href=\"https:\/\/agence-antares.fr\/index.php\/contact\/\"><span class=\"kt-btn-inner-text\">Nous contacter<\/span><span class=\"kb-svg-icon-wrap kb-svg-icon-fe_mail kt-btn-icon-side-right\"><svg viewBox=\"0 0 24 24\"  fill=\"none\" stroke=\"currentColor\" stroke-width=\"2\" stroke-linecap=\"round\" stroke-linejoin=\"round\" xmlns=\"http:\/\/www.w3.org\/2000\/svg\"  aria-hidden=\"true\"><path d=\"M4 4h16c1.1 0 2 .9 2 2v12c0 1.1-.9 2-2 2H4c-1.1 0-2-.9-2-2V6c0-1.1.9-2 2-2z\"\/><polyline points=\"22,6 12,13 2,6\"\/><\/svg><\/span><\/a><\/div>\n\n\n\n<p><\/p>\n","protected":false},"excerpt":{"rendered":"<p>Notre agence propose deux types de tarification: A cela peuvent se rajouter des frais kilom\u00e9triques (0.7\u20ac\/KM), des frais de logement (75\u20ac), des frais de repas (18\u20ac) si la mission n\u00e9cessite des d\u00e9placements au-del\u00e0 des 150km de l&rsquo;agence. \u00c9galement peuvent se rajouter les frais d&rsquo;intervention d&rsquo;un tiers: Commissaire de justice, expert dans un domaine sp\u00e9cifique&#8230; Toutes&#8230;<\/p>\n","protected":false},"author":1,"featured_media":0,"parent":0,"menu_order":0,"comment_status":"closed","ping_status":"open","template":"","meta":{"_kad_post_transparent":"","_kad_post_title":"show","_kad_post_layout":"narrow","_kad_post_sidebar_id":"","_kad_post_content_style":"","_kad_post_vertical_padding":"","_kad_post_feature":"","_kad_post_feature_position":"","_kad_post_header":false,"_kad_post_footer":false,"footnotes":""},"class_list":["post-2","page","type-page","status-publish","hentry"],"_links":{"self":[{"href":"https:\/\/agence-antares.fr\/index.php\/wp-json\/wp\/v2\/pages\/2","targetHints":{"allow":["GET"]}}],"collection":[{"href":"https:\/\/agence-antares.fr\/index.php\/wp-json\/wp\/v2\/pages"}],"about":[{"href":"https:\/\/agence-antares.fr\/index.php\/wp-json\/wp\/v2\/types\/page"}],"author":[{"embeddable":true,"href":"https:\/\/agence-antares.fr\/index.php\/wp-json\/wp\/v2\/users\/1"}],"replies":[{"embeddable":true,"href":"https:\/\/agence-antares.fr\/index.php\/wp-json\/wp\/v2\/comments?post=2"}],"version-history":[{"count":8,"href":"https:\/\/agence-antares.fr\/index.php\/wp-json\/wp\/v2\/pages\/2\/revisions"}],"predecessor-version":[{"id":349,"href":"https:\/\/agence-antares.fr\/index.php\/wp-json\/wp\/v2\/pages\/2\/revisions\/349"}],"wp:attachment":[{"href":"https:\/\/agence-antares.fr\/index.php\/wp-json\/wp\/v2\/media?parent=2"}],"curies":[{"name":"wp","href":"https:\/\/api.w.org\/{rel}","templated":true}]}}